{"id":93,"date":"2025-03-01T19:39:50","date_gmt":"2025-03-01T19:39:50","guid":{"rendered":"https:\/\/coffrage-solutech-56364d.ingress-daribow.ewp.live\/?page_id=93"},"modified":"2025-09-05T15:57:02","modified_gmt":"2025-09-05T15:57:02","slug":"test","status":"publish","type":"page","link":"https:\/\/coffrages-solu-tech.com\/?page_id=93","title":{"rendered":"\u00c0 Propos"},"content":{"rendered":"\n<p>Fond\u00e9e en 2017, Coffrages Solu-Tech s&#8217;est rapidement impos\u00e9e comme un leader innovant en coffrages de b\u00e9ton sur mesure, desservant fi\u00e8rement le Lac-St-Jean et le nord du Qu\u00e9bec du r\u00e9sidentiel au commercial , industriel et institutionnel.<\/p>\n\n\n\n<h2 class=\"wp-block-heading\">Notre Mission<\/h2>\n\n\n\n<p>Vous offir des solutions de coffrages sur mesure, adapt\u00e9es \u00e0 vos besoins sp\u00e9cifiques. Nous sommes fiers de fournir des services complets: coffrages de fondations, dalles, murs de soutiens, fosses agricoles, galeries pr\u00e9fabriqu\u00e9es , et bien plus!<\/p>\n\n\n\n<h2 class=\"wp-block-heading\">Notre \u00e9quipe<\/h2>\n\n\n\n<ul style=\"border-style:none;border-width:0px;padding-top:var(--wp--preset--spacing--60);padding-right:var(--wp--preset--spacing--50);padding-bottom:var(--wp--preset--spacing--60);padding-left:var(--wp--preset--spacing--50);text-decoration:none;text-transform:capitalize\" class=\"wp-block-list has-medium-font-size\">\n<li>Samuel Routhier : Charg\u00e9 de projets \/ Co-propri\u00e9taire<\/li>\n\n\n\n<li style=\"padding-top:0;padding-bottom:0\">David Fortin: Coffreur \/ Co-propri\u00e9taire<\/li>\n\n\n\n<li>Gabriel Dubuc: Coffreur \/ Co-propri\u00e9taire<\/li>\n\n\n\n<li>Esa\u00efe Gagn\u00e9: Coffreur \/ co-propri\u00e9taire<\/li>\n\n\n\n<li>R\u00e9mi Duchesne: Op\u00e9rateur e b\u00f4me Truck<\/li>\n\n\n\n<li>Nicolas Rioux: Op\u00e9rateur de l&#8217;unit\u00e9 de sciage \/ coffreur<\/li>\n\n\n\n<li>Nicolas Riendeau: Coffreur<\/li>\n\n\n\n<li>Keven Par\u00e9-Roberge: Coffreur<\/li>\n\n\n\n<li>Marc Potvin: Coffreur<\/li>\n\n\n\n<li>Dylan Lalibert\u00e9: coffreur<\/li>\n\n\n\n<li>Fr\u00e9d\u00e9ric St-Pierre: Coffreur<\/li>\n\n\n\n<li>Patrice Th\u00e9berge-Minier: M\u00e9canicien \/ op\u00e9rateur de pompe \u00e0 b\u00e9ton<\/li>\n\n\n\n<li>Samuel Fortin-Dufour: Coffreur<\/li>\n\n\n\n<li>Vincent Tremblay: Coffreur<\/li>\n\n\n\n<li>David V\u00e9zina: Coffreur<\/li>\n\n\n\n<li>Marie-Pier Paradis: Adjointe administrative<\/li>\n<\/ul>\n\n\n\n<p><\/p>\n","protected":false},"excerpt":{"rendered":"<p>Fond\u00e9e en 2017, Coffrages Solu-Tech s&#8217;est rapidement impos\u00e9e comme un leader innovant en coffrages de b\u00e9ton sur mesure, desservant fi\u00e8rement le Lac-St-Jean et le nord du Qu\u00e9bec du r\u00e9sidentiel au commercial , industriel et institutionnel. Notre Mission Vous offir des solutions de coffrages sur mesure, adapt\u00e9es \u00e0 vos besoins sp\u00e9cifiques. [&hellip;]<\/p>\n","protected":false},"author":2,"featured_media":0,"parent":0,"menu_order":1,"comment_status":"closed","ping_status":"closed","template":"","meta":{"footnotes":""},"class_list":["post-93","page","type-page","status-publish","hentry"],"_links":{"self":[{"href":"https:\/\/coffrages-solu-tech.com\/index.php?rest_route=\/wp\/v2\/pages\/93","targetHints":{"allow":["GET"]}}],"collection":[{"href":"https:\/\/coffrages-solu-tech.com\/index.php?rest_route=\/wp\/v2\/pages"}],"about":[{"href":"https:\/\/coffrages-solu-tech.com\/index.php?rest_route=\/wp\/v2\/types\/page"}],"author":[{"embeddable":true,"href":"https:\/\/coffrages-solu-tech.com\/index.php?rest_route=\/wp\/v2\/users\/2"}],"replies":[{"embeddable":true,"href":"https:\/\/coffrages-solu-tech.com\/index.php?rest_route=%2Fwp%2Fv2%2Fcomments&post=93"}],"version-history":[{"count":5,"href":"https:\/\/coffrages-solu-tech.com\/index.php?rest_route=\/wp\/v2\/pages\/93\/revisions"}],"predecessor-version":[{"id":171,"href":"https:\/\/coffrages-solu-tech.com\/index.php?rest_route=\/wp\/v2\/pages\/93\/revisions\/171"}],"wp:attachment":[{"href":"https:\/\/coffrages-solu-tech.com\/index.php?rest_route=%2Fwp%2Fv2%2Fmedia&parent=93"}],"curies":[{"name":"wp","href":"https:\/\/api.w.org\/{rel}","templated":true}]}}